or of 18 and b.
9
Suppose -5*u = 0, -s + 7*u = 4*u - 78. Calculate the greatest common divisor of s and 195.
39
Let h be (36/21)/(-2) + (-410)/(-70). Calculate the greatest common divisor of h and 245.
5
Let v = -43 - -45. Suppose 11*j - 36 = v*j. Calculate the greatest common factor of j and 36.
4
Suppose -f - 28 = -2*f. Suppose 5*d + 2*l - 206 = 0, 48 = -10*d + 11*d - 3*l. What is the highest common factor of f and d?
14
Let f be 13 + (-3 + 3 - 1). Suppose -2*u - f = -4*u. Calculate the greatest common divisor of u and 6.
6
Suppose -4*t - 58 = 3*p + 78, 5*t - p = -170. Let z = t + 37. Calculate the highest common factor of z and 9.
3
Suppose -35*n = 3*y - 36*n - 253, -4*n + 364 = 4*y. What is the highest common factor of y and 2?
2
Let r(u) = -5*u**2 + 2*u - 5. Let t = -11 - -15. Let x be r(t). Let k be (-85)/(-7) - (-11)/x. Calculate the highest common divisor of k and 3.
3
Let q(m) be the third derivative of -m**6/120 + 2*m**5/15 + m**4/2 - 7*m**3/6 - 5*m**2. Let g be q(9). What is the highest common divisor of g and 80?
20
Suppose 5*w - 3*x - 438 = 218, x + 652 = 5*w. What is the greatest common divisor of w and 20?
10
Let n(m) = m**2 - 2 + 1 + 2 - 2*m + 1. Let j be n(-6). Suppose 12 = 3*i - 18. Calculate the greatest common factor of i and j.
10
Let m(b) = 309*b. Let p be m(-1). Let d = -213 - p. Suppose -16*h - d = -20*h. Calculate the highest common divisor of 6 and h.
6
Let j be 12/9*(-18)/(-12). Suppose 0 = 3*y + j*w - 24, -6 = 2*w - 0*w. Calculate the highest common divisor of y and 90.
10
Let i = -12 - -11. Let k be (i - (-2 - -5))*-2. Suppose 0*q + k = 2*q. What is the highest common factor of q and 4?
4
Let h = -16 + 4. Let n = -2 - h. Suppose 5*y = -n, c - 3*y - 11 = -0*c. What is the greatest common factor of c and 2?
1
Suppose -3*o - 30 - 9 = 0. Let u = o + 19. Suppose -21 = -3*g - u. What is the greatest common divisor of 25 and g?
5
Suppose 1950 + 4450 = 50*l. Calculate the highest common divisor of 4 and l.
4
Suppose 0 = -2*q - 5*r + 336 - 47, 0 = -2*q - r + 269. Calculate the highest common factor of 110 and q.
22
Let f = 160 + -118. What is the highest common factor of f and 63?
21
Let k(s) = -11*s**2 - 68*s + 6. Let r be k(-6). Let o = 5 - -15. Let n = o - r. Calculate the greatest common divisor of 5 and n.
1
Let c(d) be the second derivative of d**4/2 - d**3 + 25*d**2/2 + 21*d. Let h be c(6). Calculate the greatest common factor of h and 82.
41
Suppose -438 + 102 = -4*d. Calculate the greatest common divisor of 4 and d.
4
Suppose -13*p - 118 + 846 = 0. What is the highest common factor of 896 and p?
56
Let p = 889 - 511. Suppose 19*w = 13*w + p. What is the highest common factor of w and 9?
9
Let w(o) = -2*o**2 - 2*o - 1. Let t be w(-1). Let g = t + 10. Calculate the highest common divisor of g and 72.
9
Let k be ((-172)/(-12))/((-2)/(-6)) - -1. Suppose -2*t + k = -14. What is the greatest common divisor of t and 145?
29
Let o be (-8)/(-6)*2*(-15)/(-10). Let k be (4 + -2)*114/o. Calculate the highest common divisor of 19 and k.
19
Let j = 38 + -25. Calculate the greatest common divisor of 117 and j.
13
Let t = 992 - 736. Calculate the greatest common divisor of 48 and t.
16
Let n(p) = -8*p - 4. Suppose 3*j + 16 = -j. Let z be n(j). Let t(s) = -25*s - 8. Let u be t(-2). What is the greatest common factor of z and u?
14
Let j = -35 + 219. What is the greatest common factor of 23 and j?
23
Let p be (-4)/(-4) - 7/1. Let g be 8*(-3)/p - 2. Suppose -g*u = -56 + 10. Calculate the greatest common divisor of 161 and u.
23
Let c be 35/(-2)*(-184)/115. Let y = 39 + 3. What is the greatest common factor of c and y?
14
Suppose y - 12 = 5*v, 0 = 3*y - 5 + 14. Let r = 12 + v. Let o(s) = -s**3 + 4*s**2 - 2*s - 6. Let i be o(-3). Calculate the greatest common factor of r and i.
9
Let p be (-2 - -1)*-3*1. Let w(l) = l**3 + 46*l**2 - 91*l + 252. Let z be w(-48). What is the highest common divisor of z and p?
3
Let d = 2 + 3. Suppose 0*u = -d*u - 10. Let i(f) = -2*f**3 - 4*f**2 - 3*f - 2. Let t be i(u). What is the greatest common factor of 4 and t?
4
Let n(r) = -35*r**3 - r - 1. Let b be n(-1). Suppose -13*s = 4*s - 238. What is the greatest common divisor of s and b?
7
Let a(t) = -22*t + 12. Let j be a(-4). Let c(p) = p**3 + 10*p**2 - 2*p + 20. Let r be c(-10). What is the highest common factor of r and j?
20
Let z = 5914 - 4112. Let h be z/8 - 2/8. Let l(q) = 7*q**2 + 2*q + 1. Let a be l(-2). What is the highest common factor of h and a?
25
Suppose 5*o + 5*y = 5230, 10*y - 5*y + 10 = 0. Let x be o/20 - (-4)/(-10). Let d = 37 + -24. Calculate the greatest common divisor of d and x.
13
Let t be (-42)/6 - -80 - -7. Calculate the greatest common divisor of 90 and t.
10
Let h(r) = r**3 - 47*r**2 + 66*r - 284. Let n be h(46). Calculate the highest common divisor of n and 24.
12
Suppose -5*k + 101 = 2*g - 1, 5*g = -2*k + 276. Let n = 144 - g. Suppose -x = -0*x - 11. What is the highest common factor of x and n?
11
Suppose 3*v = 2*q - 131, q - 67 = 3*v - 0*v. What is the highest common factor of 96 and q?
32
Suppose -4*l - 5*m + 403 = 0, 6*l - 5*m = 4*l + 209. What is the highest common divisor of l and 51?
51
Let t be (-15 - (-40 - -14))*7*5. Calculate the greatest common factor of t and 140.
35
Let m be 33/(792/1568)*6/4. Calculate the greatest common factor of 21 and m.
7
Suppose -5*o + 241 = 201. What is the greatest common factor of o and 26?
2
Let t = 240 + -142. What is the greatest common divisor of 147 and t?
49
Suppose 0 = 2*o - 2 - 0. Let p = -103 + 111. Calculate the highest common divisor of o and p.
1
Suppose 5*u = -3*o + 1937, 0*o + 645 = o + u. Calculate the highest common factor of 28 and o.
28
Suppose -4*r - s = -291 - 649, -4*r = 3*s - 948. Calculate the greatest common divisor of r and 26.
26
Suppose 5 = 22*r - 17*r. Suppose -h + 7 = r. Calculate the greatest common divisor of 54 and h.
6
Let q(l) = 3*l**3 - 12*l**2 + l - 3. Let f be q(4). What is the greatest common factor of f and 4?
1
Let t = 28 - -30. Calculate the highest common divisor of t and 116.
58
Let g be (-3)/((-6)/(-27) + 105/(-108)). Let w be (g + -3)*4*6. Calculate the highest common divisor of w and 24.
24
Let k(t) = 94*t - 26. Let z(b) = 31*b - 9. Let q(a) = -4*k(a) + 11*z(a). Let r be q(-2). Calculate the highest common divisor of r and 30.
15
Suppose 0 = -2*h + r + 6, -h = 2*r - 5 + 2. Suppose h*y = 4*y + 7. Let x(c) = 3*c**2 + 6*c + 3. Let a be x(y). Calculate the greatest common factor of a and 12.
12
Suppose 25 = -11*w + 14*w - 2*k, 0 = 4*k - 4. Suppose -3*m + 0*m = -27. What is the highest common divisor of w and m?
9
Let q be (-4)/8 - 146/4. Let j = q - 183. Let m be 2/(4*(-1)/j). What is the greatest common factor of m and 22?
22
Suppose l - 58 = -49. Suppose 6*a = 11*a - 25. Suppose 144 = a*o - o. Calculate the greatest common divisor of o and l.
9
Suppose 3*j = 151 + 11. Let z be (0 - (-56)/(-3))*j/(-8). Calculate the greatest common factor of z and 14.
14
Let m be 2 - (-7)/7*215. What is the greatest common divisor of m and 62?
31
Let m be ((-4)/(-10))/((-482)/(-160) + -3). Let u be (-1)/(-1) - (-352)/m. Calculate the greatest common divisor of u and 96.
12
Let u be (-278)/(-11 + (-1863)/(-171)). Calculate the greatest common factor of 278 and u.
139
Suppose -4*i - 7 = -5*n, -2*i + 2*n = -6*i + 14. Suppose q - 40 = -x, -8*x + 84 = i*q - 5*x. Calculate the highest common factor of q and 144.
36
Let z be -66*-2*(-2)/(-8). Let n be -1*2/2 + 99. Suppose -6 = 96*x - n*x. Calculate the highest common factor of z and x.
3
Let r be (-5)/((8/(-66))/4). Let m = 30 - 19. Suppose -4*y + 253 = -m. Calculate the greatest common factor of r and y.
33
Let q = 0 - -15. Calculate the highest common factor of 24 and q.
3
Let z be 165/9 - (-4)/(-12). Suppose 2*q - z = 22. Suppose -17*r - 83 = -933. What is the greatest common factor of r and q?
10
Let w(l) = l. Let v be w(6). Suppose -3*n = -n - 104. Let p be n - 1*(2 - -2). What is the greatest common divisor of v and p?
6
Suppose -3*b + 207 - 27 = 0. What is the highest common divisor of b and 60?
60
Suppose 2*s - 764 = -252. Calculate the greatest common factor of 80 and s.
16
Let q be -6 + 8 + 2 + -3 + 7. What is the greatest common factor of 2456 and q?
8
Let a be 6/36 + 251/6. Suppose -3*c - 105 = -12. L